{"id":2827,"date":"2025-04-17T10:34:33","date_gmt":"2025-04-17T08:34:33","guid":{"rendered":"https:\/\/avm-baranski.com\/?page_id=2827"},"modified":"2025-04-17T11:58:29","modified_gmt":"2025-04-17T09:58:29","slug":"abc-pomp-i-techniki-pompowej","status":"publish","type":"page","link":"https:\/\/avm-baranski.com\/index.php\/abc-pomp-i-techniki-pompowej\/","title":{"rendered":"ABC pomp i techniki pompowej"},"content":{"rendered":"\n<div class=\"wp-block-cover alignfull\" style=\"margin-top:0;min-height:146px;aspect-ratio:unset;\"><img loading=\"lazy\" decoding=\"async\" width=\"851\" height=\"249\" class=\"wp-block-cover__image-background wp-image-87\" alt=\"\" src=\"https:\/\/avm-baranski.com\/wp-content\/uploads\/2025\/03\/woda_kropla3-1.jpg\" data-object-fit=\"cover\" srcset=\"https:\/\/avm-baranski.com\/wp-content\/uploads\/2025\/03\/woda_kropla3-1.jpg 851w, https:\/\/avm-baranski.com\/wp-content\/uploads\/2025\/03\/woda_kropla3-1-300x88.jpg 300w, https:\/\/avm-baranski.com\/wp-content\/uploads\/2025\/03\/woda_kropla3-1-768x225.jpg 768w\" sizes=\"auto, (max-width: 851px) 100vw, 851px\" \/><span aria-hidden=\"true\" class=\"wp-block-cover__background has-black-background-color has-background-dim-0 has-background-dim\"><\/span><div class=\"wp-block-cover__inner-container is-layout-flow wp-block-cover-is-layout-flow\">\n<h4 class=\"wp-block-heading has-text-align-center\"><img loading=\"lazy\" decoding=\"async\" width=\"70\" height=\"53\" class=\"wp-image-1476\" style=\"width: 70px;\" src=\"https:\/\/avm-baranski.com\/wp-content\/uploads\/2025\/03\/Logo-AVM.gif\" alt=\"\"><strong><em>AVM-Bara\u0144ski<\/em><\/strong><em><strong>                                     <\/strong><\/em> <em><strong>               od 2008 r oferujemy w<\/strong><\/em><strong><em>sparcie techniczne dla firm.<\/em><\/strong><\/h4>\n\n\n\n<div class=\"wp-block-buttons is-content-justification-right is-layout-flex wp-container-core-buttons-is-layout-d445cf74 wp-block-buttons-is-layout-flex\">\n<div class=\"wp-block-button is-style-outline is-style-outline--1\"><a class=\"wp-block-button__link has-text-align-right wp-element-button\" href=\"https:\/\/avm-baranski.com\/index.php\/glowna\/\">Oferta<\/a><\/div>\n\n\n\n<div class=\"wp-block-button is-style-outline is-style-outline--2\"><a class=\"wp-block-button__link has-text-align-right wp-element-button\" href=\"https:\/\/avm-baranski.com\/index.php\/kontakt\/\">Kontakt<\/a><\/div>\n\n\n\n<div class=\"wp-block-button is-style-outline is-style-outline--3\"><a class=\"wp-block-button__link has-text-align-right wp-element-button\" href=\"https:\/\/avm-baranski.com\/index.php\/produkty\/\">Produkty<\/a><\/div>\n\n\n\n<div class=\"wp-block-button is-style-outline is-style-outline--4\"><a class=\"wp-block-button__link has-text-align-right wp-element-button\" href=\"https:\/\/avm-baranski.com\/index.php\/wymienniki-ciepla\/\">Wymienniki ciep\u0142a<\/a><\/div>\n\n\n\n<div class=\"wp-block-button is-style-outline is-style-outline--5\"><a class=\"wp-block-button__link has-text-align-right wp-element-button\" href=\"https:\/\/avm-baranski.com\/index.php\/pompy\/\">Pompy<\/a><\/div>\n\n\n\n<div class=\"wp-block-button is-style-outline is-style-outline--6\"><a class=\"wp-block-button__link wp-element-button\" href=\"https:\/\/avm-baranski.com\/index.php\/blog\/\">Blog<\/a><\/div>\n<\/div>\n<\/div><\/div>\n\n\n\n<div class=\"wp-block-group alignfull has-global-padding is-layout-constrained wp-block-group-is-layout-constrained\">\n<div class=\"wp-block-columns is-layout-flex wp-container-core-columns-is-layout-28f84493 wp-block-columns-is-layout-flex\">\n<div class=\"wp-block-column is-vertically-aligned-center is-layout-flow wp-block-column-is-layout-flow\">\n<h3 class=\"wp-block-heading\">ABC pomp i techniki pompowej<\/h3>\n\n\n\n<div class=\"wp-block-buttons alignfull is-content-justification-center is-layout-flex wp-container-core-buttons-is-layout-098cc607 wp-block-buttons-is-layout-flex\">\n<div class=\"wp-block-button is-style-outline is-style-outline--7\"><a class=\"wp-block-button__link wp-element-button\" href=\"https:\/\/avm-baranski.com\/index.php\/zapytanie-pompy\/\">Zapytania o pomp\u0119<\/a><\/div>\n\n\n\n<div class=\"wp-block-button is-style-outline is-style-outline--8\"><a class=\"wp-block-button__link wp-element-button\" href=\"https:\/\/avm-baranski.com\/index.php\/pompy-od-a-do-z\/\">Pompy od A do Z<\/a><\/div>\n<\/div>\n\n\n\n<p>Gar\u015b\u0107 historii wg Piotra \u015awitalskiego zawarta w ksi\u0105\u017cce&#8221;Technika Pompowa\u201d<\/p>\n\n\n\n<p>Historii techniki nie mo\u017cna oderwa\u0107 od jej tw\u00f3rc\u00f3w. Pierwszymi byli genialni, bezimienni, rzemie\u015blnicy. Wiele wiek\u00f3w p\u00f3\u017aniej, w epoce renesansu, pojawili si\u0119 wizjonerzy przewiduj\u0105cy kierunki post\u0119pu, a nast\u0119pnie uczeni k\u0142ad\u0105cy podwaliny nauk technicznych. Dopiero w XIX wieku do g\u0142osu doszli in\u017cynierowie. Dzi\u015b rozw\u00f3j techniki we wszelkich dziedzinach nale\u017cy do nowej generacji tw\u00f3rc\u00f3w &#8211; badaczy, projektant\u00f3w i konstruktor\u00f3w wspieranych technik\u0105 komputerow\u0105.<\/p>\n\n\n\n<p>POMPY BEZIMIENNYCH RZEMIE\u015aLNIK\u00d3W<\/p>\n\n\n\n<p>Historia techniki pompowej to historia urz\u0105dze\u0144 s\u0142u\u017c\u0105cych do czerpania, podnoszenia i transportowania wody, si\u0119gaj\u0105ca czas\u00f3w prehistorycznych. Wody niezb\u0119dnej do picia, pojenia zwierz\u0105t hodowlanych i nawadniania upraw. Rola pomp w rozwoju techniki jest nie do przecenienia. Przez wiele wiek\u00f3w by\u0142y one najwa\u017cniejszymi maszynami, dopiero p\u00f3\u017aniej pojawi\u0142a si\u0119 potrzeba rozwoju innych urz\u0105dze\u0144, np. machin wojennych oraz mechanizm\u00f3w, n zegar\u00f3w.<\/p>\n\n\n\n<p>Z najstarszych przekaz\u00f3w w literaturze chi\u0144skiej i arabskiej pochodz\u0105 opisy zar\u00f3wno prostych, jak i przemy\u015blnych urz\u0105dze\u0144. Wiele z nich zachowa\u0142o si\u0119 i do dzi\u015b s\u0142u\u017cy cz\u0142owiekowi w Azji i Afryce. Nap\u0119d tych przeno\u015bnik\u00f3w wody stanowi si\u0142a ludzkich mi\u0119\u015bni, zwierz\u0105t poci\u0105gowych, energia wiatru i wody. Przyk\u0142adem mog\u0105 by\u0107 wielkie, drewniane czerpad\u0142a z XIII w. na rzece Yazid w Syrii i podobne, rekonstruowane i wci\u0105\u017c dzia\u0142aj\u0105ce w pobli\u017cu Kordoby. Zasada ich nap\u0119du jest identyczna do zastosowanej w nap\u0119dzie czerpad\u0142a \u015brubowego, pokazanego na XVI-wiecznym rysunku.<\/p>\n\n\n\n\n\n\n\n<p>EPOKA UCZONYCH<\/p>\n\n\n\n<p>Pierwszy opis modelu i dzia\u0142ania od\u015brodkowej pompy wirowej zamieszczony zosta\u0142 w Acta Eruditorium w 1689 roku przez Denisa Papin (1647-1712), profesora z Marburga. ModeI ten ulepszy\u0142 on p\u00f3\u017aniej w 1705 roku przez zwi\u0119kszenie liczby \u0142opatek wirnika i umieszczenie go w spiralnej os\u0142onie, powsta\u0142a tym samym konstrukcja, kt\u00f3rej tw\u00f3rc\u0119 uwa\u017ca si\u0119 za wynalazc\u0119 wsp\u00f3\u0142czesnej pompy wirowej, cho\u0107 tytu\u0142 ten nale\u017cy si\u0119 wspomnianemu uprzednio bezimiennemu rzemie\u015blnikowi &#8211; tw\u00f3rcy pompy z San Domingos.<\/p>\n\n\n\n<p>Podwaliny teoretyczne rozwoju nauki o przep\u0142ywach i przekazywaniu cieczy energii mechanicznej stworzone zosta\u0142y przez wybitnych uczonych- Daniela Bernoulliego (1700-1782) i Leonarda Eulera (1707-1783).<\/p>\n\n\n\n<p>Teoria Eulera przez 250 lat stanowi\u0142a jedyn\u0105 podstaw\u0119 konstrukcji turbin wodny i pomp. Podobnie jak model Papina do dzi\u015b s\u0142u\u017cy jako wzorzec pomp wirowych.<\/p>\n\n\n\n<p>STULECIA IN\u017bYNIER\u00d3W<\/p>\n\n\n\n<p>Rewolucja przemys\u0142owa, zapocz\u0105tkowana w XVIII wieku, odda\u0142a post\u0119p techniczny w r\u0119ce in\u017cynier\u00f3w. Momentem prze\u0142omowym w rozwoju pomp t\u0142okowych by\u0142o zbudowanie oko\u0142o 1711 roku pompy z nap\u0119dem parowym przez angielskiego rzemie\u015blnika Thomasa Newcomena, inspirowanego wynalazkiem Thomasa Savery&#8217;ego. Maszyn\u0119 Newcomena uznaje si\u0119 za prototyp pomp Jamesa Watta, a jej tw\u00f3rc\u0119 za pioniera rewolucji przemys\u0142owej. Dalszy rozw\u00f3j dokonuje si\u0119 stopniowo i nieprzerwanie. Wodoci\u0105gi miast europejskich s\u0105 wyposa\u017cane w wielkie pompy \u201ekornwalijskie&#8221;, budowane przez firm\u0119 Boul\u00adLon&amp; Watt, p\u00f3\u017aniej m.in. przez firm\u0119 Hartman AG oraz Orthwein i Karasi\u0144ski. W 1840 roku Henry Worthington opatentowa\u0142 pomp\u0119 parow\u0105 bezpo\u015bredniego dzia\u0142ania, stosowan\u0105 do dzi\u015b i znan\u0105 jako pompa Wothingtona, a po kolejnych stu latach Rene Moineau patentuje pomp\u0119 jedno\u015brubow\u0105, znan\u0105 jako pompa Mohno, lub Mono.<\/p>\n\n\n\n<h4 class=\"wp-block-heading\">Obszary zastosowa\u0144 wg konstrukcji pompy.<\/h4>\n\n\n\n<p>Orientacyjne pola zastosowa\u0144 jak poni\u017cej (rys. za &#8222;ABC techniki pompowej&#8221; autor:Piotr \u015awitalski).<\/p>\n\n\n\n<figure class=\"wp-block-image size-full\"><img loading=\"lazy\" decoding=\"async\" width=\"640\" height=\"384\" src=\"https:\/\/avm-baranski.com\/wp-content\/uploads\/2025\/04\/Pola-zastosowan.jpg\" alt=\"\" class=\"wp-image-2821\" srcset=\"https:\/\/avm-baranski.com\/wp-content\/uploads\/2025\/04\/Pola-zastosowan.jpg 640w, https:\/\/avm-baranski.com\/wp-content\/uploads\/2025\/04\/Pola-zastosowan-300x180.jpg 300w\" sizes=\"auto, (max-width: 640px) 100vw, 640px\" \/><\/figure>\n\n\n\n<h4 class=\"wp-block-heading\">Podstawowy podzia\u0142 pomp<\/h4>\n\n\n\n<ul class=\"wp-block-list\">\n<li>pompy wyporowe<\/li>\n\n\n\n<li>pompy wirowe<\/li>\n<\/ul>\n\n\n\n<p>(fragment poni\u017cej za &#8222;ABC techniki pompowej&#8221; autor:Piotr \u015awitalski)<\/p>\n\n\n\n<figure class=\"wp-block-image size-full\"><img loading=\"lazy\" decoding=\"async\" width=\"1000\" height=\"550\" src=\"https:\/\/avm-baranski.com\/wp-content\/uploads\/2025\/04\/Podzial-pomp.jpg\" alt=\"\" class=\"wp-image-2823\" srcset=\"https:\/\/avm-baranski.com\/wp-content\/uploads\/2025\/04\/Podzial-pomp.jpg 1000w, https:\/\/avm-baranski.com\/wp-content\/uploads\/2025\/04\/Podzial-pomp-300x165.jpg 300w, https:\/\/avm-baranski.com\/wp-content\/uploads\/2025\/04\/Podzial-pomp-768x422.jpg 768w\" sizes=\"auto, (max-width: 1000px) 100vw, 1000px\" \/><\/figure>\n<\/div>\n<\/div>\n<\/div>\n\n\n\n<p><\/p>\n","protected":false},"excerpt":{"rendered":"<p>ABC pomp i techniki pompowej Gar\u015b\u0107 historii wg Piotra \u015awitalskiego zawarta w ksi\u0105\u017cce&#8221;Technika Pompowa\u201d Historii techniki nie mo\u017cna oderwa\u0107 od jej tw\u00f3rc\u00f3w. Pierwszymi byli genialni, bezimienni, rzemie\u015blnicy. Wiele wiek\u00f3w p\u00f3\u017aniej, w epoce renesansu, pojawili si\u0119 wizjonerzy przewiduj\u0105cy kierunki post\u0119pu, a nast\u0119pnie uczeni k\u0142ad\u0105cy podwaliny nauk technicznych. Dopiero w XIX wieku do g\u0142osu doszli in\u017cynierowie. Dzi\u015b [&hellip;]<\/p>\n","protected":false},"author":1,"featured_media":0,"parent":0,"menu_order":0,"comment_status":"closed","ping_status":"closed","template":"","meta":{"_acf_changed":false,"footnotes":""},"class_list":["post-2827","page","type-page","status-publish","hentry"],"acf":[],"jetpack_sharing_enabled":true,"_links":{"self":[{"href":"https:\/\/avm-baranski.com\/index.php\/wp-json\/wp\/v2\/pages\/2827","targetHints":{"allow":["GET"]}}],"collection":[{"href":"https:\/\/avm-baranski.com\/index.php\/wp-json\/wp\/v2\/pages"}],"about":[{"href":"https:\/\/avm-baranski.com\/index.php\/wp-json\/wp\/v2\/types\/page"}],"author":[{"embeddable":true,"href":"https:\/\/avm-baranski.com\/index.php\/wp-json\/wp\/v2\/users\/1"}],"replies":[{"embeddable":true,"href":"https:\/\/avm-baranski.com\/index.php\/wp-json\/wp\/v2\/comments?post=2827"}],"version-history":[{"count":2,"href":"https:\/\/avm-baranski.com\/index.php\/wp-json\/wp\/v2\/pages\/2827\/revisions"}],"predecessor-version":[{"id":2831,"href":"https:\/\/avm-baranski.com\/index.php\/wp-json\/wp\/v2\/pages\/2827\/revisions\/2831"}],"wp:attachment":[{"href":"https:\/\/avm-baranski.com\/index.php\/wp-json\/wp\/v2\/media?parent=2827"}],"curies":[{"name":"wp","href":"https:\/\/api.w.org\/{rel}","templated":true}]}}