{"id":135,"date":"2025-03-04T15:05:41","date_gmt":"2025-03-04T14:05:41","guid":{"rendered":"https:\/\/avm-baranski.com\/?page_id=135"},"modified":"2025-04-22T11:04:07","modified_gmt":"2025-04-22T09:04:07","slug":"blog","status":"publish","type":"page","link":"https:\/\/avm-baranski.com\/index.php\/blog\/","title":{"rendered":"Blog"},"content":{"rendered":"\n<div class=\"wp-block-cover alignfull\" style=\"margin-top:0;min-height:146px;aspect-ratio:unset;\"><img loading=\"lazy\" decoding=\"async\" width=\"851\" height=\"249\" class=\"wp-block-cover__image-background wp-image-87\" alt=\"\" src=\"https:\/\/avm-baranski.com\/wp-content\/uploads\/2025\/03\/woda_kropla3-1.jpg\" data-object-fit=\"cover\" srcset=\"https:\/\/avm-baranski.com\/wp-content\/uploads\/2025\/03\/woda_kropla3-1.jpg 851w, https:\/\/avm-baranski.com\/wp-content\/uploads\/2025\/03\/woda_kropla3-1-300x88.jpg 300w, https:\/\/avm-baranski.com\/wp-content\/uploads\/2025\/03\/woda_kropla3-1-768x225.jpg 768w\" sizes=\"auto, (max-width: 851px) 100vw, 851px\" \/><span aria-hidden=\"true\" class=\"wp-block-cover__background has-black-background-color has-background-dim-0 has-background-dim\"><\/span><div class=\"wp-block-cover__inner-container is-layout-flow wp-block-cover-is-layout-flow\">\n<h4 class=\"wp-block-heading has-text-align-center\"><img loading=\"lazy\" decoding=\"async\" width=\"70\" height=\"53\" class=\"wp-image-1476\" style=\"width: 70px;\" src=\"https:\/\/avm-baranski.com\/wp-content\/uploads\/2025\/03\/Logo-AVM.gif\" alt=\"\"><strong><em>AVM-Bara\u0144ski<\/em><\/strong><em><strong>                                     <\/strong><\/em> <em><strong>               od 2008 r oferujemy w<\/strong><\/em><strong><em>sparcie techniczne dla firm.<\/em><\/strong><\/h4>\n\n\n\n<div class=\"wp-block-buttons is-content-justification-right is-layout-flex wp-container-core-buttons-is-layout-d445cf74 wp-block-buttons-is-layout-flex\">\n<div class=\"wp-block-button is-style-outline is-style-outline--1\"><a class=\"wp-block-button__link has-text-align-right wp-element-button\" href=\"https:\/\/avm-baranski.com\/index.php\/glowna\/\">Oferta<\/a><\/div>\n\n\n\n<div class=\"wp-block-button is-style-outline is-style-outline--2\"><a class=\"wp-block-button__link has-text-align-right wp-element-button\" href=\"https:\/\/avm-baranski.com\/index.php\/kontakt\/\">Kontakt<\/a><\/div>\n\n\n\n<div class=\"wp-block-button is-style-outline is-style-outline--3\"><a class=\"wp-block-button__link has-text-align-right wp-element-button\" href=\"https:\/\/avm-baranski.com\/index.php\/produkty\/\">Produkty<\/a><\/div>\n\n\n\n<div class=\"wp-block-button is-style-outline is-style-outline--4\"><a class=\"wp-block-button__link has-text-align-right wp-element-button\" href=\"https:\/\/avm-baranski.com\/index.php\/wymienniki-ciepla\/\">Wymienniki ciep\u0142a<\/a><\/div>\n\n\n\n<div class=\"wp-block-button is-style-outline is-style-outline--5\"><a class=\"wp-block-button__link has-text-align-right wp-element-button\" href=\"https:\/\/avm-baranski.com\/index.php\/pompy\/\">Pompy<\/a><\/div>\n\n\n\n<div class=\"wp-block-button is-style-outline is-style-outline--6\"><a class=\"wp-block-button__link wp-element-button\" href=\"https:\/\/avm-baranski.com\/index.php\/blog\/\">Blog<\/a><\/div>\n<\/div>\n<\/div><\/div>\n\n\n\n<div class=\"wp-block-group alignfull has-global-padding is-layout-constrained wp-block-group-is-layout-constrained\">\n<div class=\"wp-block-columns is-layout-flex wp-container-core-columns-is-layout-28f84493 wp-block-columns-is-layout-flex\">\n<div class=\"wp-block-column is-layout-flow wp-block-column-is-layout-flow\">\n<h4 class=\"wp-block-heading\"><a href=\"https:\/\/avm-baranski.com\/index.php\/slow-kilka-o-wymiennikach-lamelowych\/\" data-type=\"page\" data-id=\"374\">S\u0142\u00f3w kilka o wymiennikach lamelowych<\/a><\/h4>\n\n\n\n<div class=\"wp-block-buttons is-layout-flex wp-container-core-buttons-is-layout-ea8b11be wp-block-buttons-is-layout-flex\">\n<div class=\"wp-block-button is-style-outline is-style-outline--7\"><a class=\"wp-block-button__link has-text-align-center wp-element-button\" href=\"https:\/\/avm-baranski.com\/index.php\/slow-kilka-o-wymiennikach-lamelowych\/\">Podstawowym zastosowaniem dla wymiennik\u00f3w lamelowych jest ich wykorzystanie jako elementy grzewcze lub ch\u0142odz\u0105ce w centralach wentylacyjno-klimatyzacyjnych, s\u0105 tak\u017ce montowane bezpo\u015brednio w kana\u0142ach rozprowadzaj\u0105cych powietrze.<img loading=\"lazy\" decoding=\"async\" width=\"201\" height=\"201\" class=\"wp-image-1811\" style=\"width: 201px;\" src=\"https:\/\/avm-baranski.com\/wp-content\/uploads\/2025\/03\/wymiennik-pro.jpg\" alt=\"\" srcset=\"https:\/\/avm-baranski.com\/wp-content\/uploads\/2025\/03\/wymiennik-pro.jpg 1000w, https:\/\/avm-baranski.com\/wp-content\/uploads\/2025\/03\/wymiennik-pro-300x300.jpg 300w, https:\/\/avm-baranski.com\/wp-content\/uploads\/2025\/03\/wymiennik-pro-150x150.jpg 150w, https:\/\/avm-baranski.com\/wp-content\/uploads\/2025\/03\/wymiennik-pro-768x768.jpg 768w\" sizes=\"auto, (max-width: 201px) 100vw, 201px\" \/><\/a><\/div>\n\n\n\n<div class=\"wp-block-button is-style-outline is-style-outline--8\"><a class=\"wp-block-button__link has-text-align-right wp-element-button\" href=\"https:\/\/avm-baranski.com\/index.php\/wymienniki-plytowe\/\">P\u0142ytowe<img loading=\"lazy\" decoding=\"async\" width=\"93\" height=\"88\" class=\"wp-image-267\" style=\"width: 93px;\" src=\"http:\/\/hosting2261023.online.pro\/autoinstalator\/wordpress\/wp-content\/uploads\/2025\/03\/wymiennik-plytowy3.jpg\" alt=\"\"><\/a><\/div>\n<\/div>\n<\/div>\n<\/div>\n<\/div>\n\n\n\n<h4 class=\"wp-block-heading\"><a href=\"https:\/\/avm-baranski.com\/index.php\/abc-pomp-i-techniki-pompowej\/\" data-type=\"page\" data-id=\"374\">ABC pomp i techniki pompowej.<\/a><\/h4>\n\n\n\n<div class=\"wp-block-media-text is-stacked-on-mobile\"><figure class=\"wp-block-media-text__media\"><a href=\"https:\/\/avm-baranski.com\/index.php\/abc-pomp-i-techniki-pompowej\/\"><img loading=\"lazy\" decoding=\"async\" width=\"440\" height=\"360\" src=\"https:\/\/avm-baranski.com\/wp-content\/uploads\/2025\/03\/035.HSB_HDB-BB5-440x360-2.jpg\" alt=\"\" class=\"wp-image-1145 size-full\" srcset=\"https:\/\/avm-baranski.com\/wp-content\/uploads\/2025\/03\/035.HSB_HDB-BB5-440x360-2.jpg 440w, https:\/\/avm-baranski.com\/wp-content\/uploads\/2025\/03\/035.HSB_HDB-BB5-440x360-2-300x245.jpg 300w\" sizes=\"auto, (max-width: 440px) 100vw, 440px\" \/><\/a><\/figure><div class=\"wp-block-media-text__content\">\n<p>ABC pomp i techniki pompowej<\/p>\n<\/div><\/div>\n\n\n\n<p>ABC doboru pomp<\/p>\n\n\n\n<p>Jak dobiera\u0107 pompy?<\/p>\n\n\n\n<p>Przy du\u017cej r\u00f3\u017cnorodno\u015bci pomp i r\u00f3wnie du\u017cej ilo\u015bci aplikacji \u2013 np. od pobierania wody pitnej ze studni po pompy wykorzystywane w technice kosmicznej, mamy do wyboru wiele potencjalnych mo\u017cliwo\u015bci spe\u0142niaj\u0105ce okre\u015blone wymogi. Producenci oferuj\u0105 r\u00f3\u017cne rozwi\u0105zania czasami zbli\u017cone do siebie, a czasami zaskakuj\u0105co inne. Aby wybra\u0107 rozwi\u0105zanie optymalne pod k\u0105tem ekonomicznym, budowy i eksploatacji instalacji, dla kt\u00f3rej pompa jest przewidziana nale\u017cy wykona\u0107 kilka niezb\u0119dnych krok\u00f3w.<a href=\"https:\/\/avm-baranski.com\/index.php\/abc-doboru-pomp\/\">wi\u0119cej<\/a><\/p>\n","protected":false},"excerpt":{"rendered":"<p>S\u0142\u00f3w kilka o wymiennikach lamelowych ABC pomp i techniki pompowej. ABC pomp i techniki pompowej ABC doboru pomp Jak dobiera\u0107 pompy? Przy du\u017cej r\u00f3\u017cnorodno\u015bci pomp i r\u00f3wnie du\u017cej ilo\u015bci aplikacji \u2013 np. od pobierania wody pitnej ze studni po pompy wykorzystywane w technice kosmicznej, mamy do wyboru wiele potencjalnych mo\u017cliwo\u015bci spe\u0142niaj\u0105ce okre\u015blone wymogi. Producenci oferuj\u0105 [&hellip;]<\/p>\n","protected":false},"author":1,"featured_media":0,"parent":0,"menu_order":0,"comment_status":"closed","ping_status":"closed","template":"","meta":{"_acf_changed":false,"footnotes":""},"class_list":["post-135","page","type-page","status-publish","hentry"],"acf":[],"jetpack_sharing_enabled":true,"_links":{"self":[{"href":"https:\/\/avm-baranski.com\/index.php\/wp-json\/wp\/v2\/pages\/135","targetHints":{"allow":["GET"]}}],"collection":[{"href":"https:\/\/avm-baranski.com\/index.php\/wp-json\/wp\/v2\/pages"}],"about":[{"href":"https:\/\/avm-baranski.com\/index.php\/wp-json\/wp\/v2\/types\/page"}],"author":[{"embeddable":true,"href":"https:\/\/avm-baranski.com\/index.php\/wp-json\/wp\/v2\/users\/1"}],"replies":[{"embeddable":true,"href":"https:\/\/avm-baranski.com\/index.php\/wp-json\/wp\/v2\/comments?post=135"}],"version-history":[{"count":22,"href":"https:\/\/avm-baranski.com\/index.php\/wp-json\/wp\/v2\/pages\/135\/revisions"}],"predecessor-version":[{"id":2851,"href":"https:\/\/avm-baranski.com\/index.php\/wp-json\/wp\/v2\/pages\/135\/revisions\/2851"}],"wp:attachment":[{"href":"https:\/\/avm-baranski.com\/index.php\/wp-json\/wp\/v2\/media?parent=135"}],"curies":[{"name":"wp","href":"https:\/\/api.w.org\/{rel}","templated":true}]}}